6680.
27
Calculate the remainder when 129173 is divided by 134.
131
Calculate the remainder when 3931 is divided by 106.
9
What is the remainder when 12846 is divided by 16?
14
What is the remainder when 31022 is divided by 3445?
17
What is the remainder when 1206 is divided by 220?
106
Calculate the remainder when 55345 is divided by 57.
55
Calculate the remainder when 15433 is divided by 1542.
13
What is the remainder when 308211 is divided by 38?
31
What is the remainder when 6456 is divided by 306?
30
Calculate the remainder when 5833 is divided by 584.
577
What is the remainder when 10664 is divided by 9?
8
Calculate the remainder when 349243 is divided by 585.
583
Calculate the remainder when 4240 is divided by 783.
325
What is the remainder when 13756 is divided by 6825?
106
What is the remainder when 1357170 is divided by 13?
9
Calculate the remainder when 23779 is divided by 438.
127
What is the remainder when 8724 is divided by 408?
156
Calculate the remainder when 1771 is divided by 373.
279
What is the remainder when 73295 is divided by 32?
15
Calculate the remainder when 57885 is divided by 134.
131
What is the remainder when 273798 is divided by 54750?
48
Calculate the remainder when 6354 is divided by 1424.
658
What is the remainder when 138441 is divided by 107?
90
What is the remainder when 32726 is divided by 8145?
146
Calculate the remainder when 12296 is divided by 246.
242
What is the remainder when 53194 is divided by 858?
856
What is the remainder when 76203 is divided by 38?
13
What is the remainder when 5182144 is divided by 111?
109
What is the remainder when 11741 is divided by 153?
113
What is the remainder when 3065 is divided by 1427?
211
Calculate the remainder when 26488 is divided by 5290.
38
What is the remainder when 3911 is divided by 23?
1
Calculate the remainder when 2708 is divided by 1183.
342
Calculate the remainder when 2399 is divided by 752.
143
Calculate the remainder when 193134 is divided by 51.
48
What is the remainder when 3214 is divided by 477?
352
Calculate the remainder when 15632 is divided by 984.
872
Calculate the remainder when 38329 is divided by 259.
256
Calculate the remainder when 6414 is divided by 193.
45
Calculate the remainder when 70329 is divided by 432.
345
What is the remainder when 37723 is divided by 1886?
3
What is the remainder when 520997 is divided by 250?
247
Calculate the remainder when 53 is divided by 48.
5
What is the remainder when 30576 is divided by 1793?
95
Calculate the remainder when 2595 is divided by 1238.
119
Calculate the remainder when 700673 is divided by 368.
1
What is the remainder when 528181 is divided by 8803?
1
What is the remainder when 138759 is divided by 9?
6
What is the remainder when 17291 is divided by 1439?
23
What is the remainder when 1471998 is divided by 500?
498
What is the remainder when 3882 is divided by 17?
6
Calculate the remainder when 14512 is divided by 23.
22
Calculate the remainder when 83897 is divided by 396.
341
What is the remainder when 19277 is divided by 11?
5
Calculate the remainder when 54577 is divided by 5.
2
What is the remainder when 266022 is divided by 77?
64
What is the remainder when 26130 is divided by 278?
276
What is the remainder when 134723 is divided by 618?
617
What is the remainder when 2495 is divided by 1250?
1245
What is the remainder when 24265 is divided by 14?
3
What is the remainder when 10936 is divided by 637?
107
What is the remainder when 33577 is divided by 29?
24
What is the remainder when 145 is divided by 37?
34
Calculate the remainder when 498271 is divided by 249127.
17
Calculate the remainder when 12764 is divided by 6374.
16
What is the remainder when 31544 is divided by 1754?
1726
Calculate the remainder when 4242 is divided by 152.
138
Calculate the remainder when 4171 is divided by 1381.
28
Calculate the remainder when 11730 is divided by 5806.
118
What is the remainder when 352 is divided by 57?
10
Calculate the remainder when 2865 is divided by 149.
34
Calculate the remainder when 26789 is divided by 45.
14
What is the remainder when 2978 is divided by 1468?
42
What is the remainder when 34621 is divided by 24?
13
Calculate the remainder when 1009932 is divided by 168321.
6
What is the remainder when 569195 is divided by 6?
5
Calculate the remainder when 537018 is divided by 134252.
10
What is the remainder when 2396 is divided by 105?
86
What is the remainder when 167097 is divided by 134?
133
Calculate the remainder when 5470853 is divided by 1823617.
2
What is the remainder when 30348 is divided by 103?
66
Calculate the remainder when 216648 is divided by 5038.
14
What is the remainder when 14023 is divided by 64?
7
Calculate the remainder when 90126 is divided by 262.
260
What is the remainder when 2144 is divided by 39?
38
What is the remainder when 19255 is divided by 377?
28
What is the remainder when 6027 is divided by 96?
75
Calculate the remainder when 18862 is divided by 299.
25
Calculate the remainder when 75196 is divided by 15037.
11
Calculate the remainder when 194294 is divided by 5.
4
What is the remainder when 212562 is divided by 81?
18
Calculate the remainder when 155637 is divided by 512.
501
Calculate the remainder when 353534 is divided by 105.
104
What is the remainder when 133 is divided by 71?
62
What is the remainder when 8860 is divided by 227?
7
Calculate the remainder when 417 is divided by 35.
32
Calculate the remainder when 2326 is divided by 739.
109
Calculate the remainder when 40897 is divided by 1463.
1396
Calculate the remainder when 2570 is divided by 906.
758
Calculate the remainder when 1403 is divided by 73.
16
Calculate the remainder when 268298 is divided by 521.
504
What is the remainder when 2850677 is divided by 280?
277
What is the remainder when 39521 is divided by 218?
63
What is the remainder when 24051 is divided by 743?
275
Calculate the remainder when 1167 is divided by 520.
127
What is the remainder when 9793 is divided by 4874?
45
What is the remainder when 22027 is divided by 220?
27
Calculate the remainder when 18693 is divided by 10.
3
Calculate the remainder when 15580 is divided by 126.
82
What is the remainder when 2372 is divided by 68?
60
What is the remainder when 23293 is divided by 19?
18
Calculate the remainder when 1270 is divided by 211.
4
Calculate the remainder when 5273 is divided by 5262.
11
What is the remainder when 661060 is divided by 15?
10
What is the remainder when 17283 is divided by 17274?
9
Calculate the remainder when 49946 is divided by 30.
26
What is the remainder when 67925 is divided by 148?
141
Calculate the remainder when 1072075 is divided by 9.
4
Calculate the remainder when 5003 is divided by 351.
89
What is the remainder when 10542 is divided by 185?
182
What is the remainder when 9713 is divided by 46?
7
What is the remainder when 4063 is divided by 187?
136
What is the remainder when 23948 is divided by 2394?
8
Calculate the remainder when 9479 is divided by 9441.
38
What is the remainder when 1022420 is divided by 58?
54
What is the remainder when 113089 is divided by 43?
42
Calculate the remainder when 4032 is divided by 734.
362
What is the remainder when 70803 is divided by 74?
59
What is the remainder when 29652 is divided by 31?
16
What is the remainder when 19762 is divided by 9772?
218
Calculate the remainder when 6617 is divided by 3288.
41
Calculate the remainder when 211 is divided by 11.
2
What is the remainder when 10796 is divided by 13?
6
Calculate the remainder when 66843 is divided by 78.
75
Calculate the remainder when 446253 is divided by 3.
0
Calculate the remainder when 444 is divided by 160.
124
Calculate the remainder when 42634 is divided by 69.
61
What is the remainder when 66155 is divided by 80?
75
What is the remainder when 1753 is divided by 215?
33
What is the remainder when 1707 is divided by 483?
258
Calculate the remainder when 6101 is divided by 6076.
25
Calculate the remainder when 138720 is divided by 3650.
20
What is the remainder when 739983 is divided by 1588?
1563
Calculate the remainder when 14549 is divided by 150.
149
Calculate the remainder when 103227 is divided by 2024.
3
What is the remainder when 20215 is divided by 532?
531
What 